e 3/3 - 3 - -99. Let p = -41 + k. What is the remainder when p is divided by 29?
27
Suppose 0 = 4*g - 3*g + 2. Suppose d + 5*j = -4, -16 = 2*d + 2*d - 3*j. Calculate the remainder when (1*-2 + g)*d is divided by 9.
7
Let g = 53 + -21. Let s(i) = -3*i**2 - 3*i - 5. Let p(h) = h**2 + h. Let q(a) = -2*p(a) - s(a). What is the remainder when g is divided by q(-4)?
15
Let o be (-64)/(15/6 + -2). Let d = 4 - -10. What is the remainder when 6/15 + o/(-5) is divided by d?
12
Let i(t) be the first derivative of -1/2*t**2 + 1 + 2*t. Calculate the remainder when 2 is divided by i(0).
0
Suppose -63 = -0*u - 3*u. Let i be 0 + 2 - (33 - 2). Let p = i + 41. Calculate the remainder when u is divided by p.
9
Let a(h) = -3*h - 12. Let p be a(-11). Let f = p - 12. Calculate the remainder when 16 is divided by f.
7
Let p(d) = d**3 + 5*d**2 - d + 1. Let n be p(-5). Suppose 0 = -4*c + 4*o + 120, -2*o + 0*o = 3*c - 70. Calculate the remainder when c is divided by n*6/16*4.
8
Let m = -41 + 67. Suppose 2*y = 4*o - 32, -7 - 53 = 5*y - 5*o. Let h(z) = z**2 + 6*z - 2. What is the remainder when m is divided by h(y)?
12
Let f = -5 + 3. What is the remainder when (-3)/(-3 + (-40)/(-14)) is divided by (22/4)/(f/(-4))?
10
Let j = -28 + 49. Calculate the remainder when 81 is divided by j.
18
Suppose -5*a = 40 - 170. Calculate the remainder when a is divided by 9.
8
Suppose w - 3 = -4*l + 16, -5*w + 164 = -3*l. Suppose 3*p + 4*u = 2*p - 14, 51 = -3*p - 3*u. What is the remainder when w is divided by -1 + -1 + p/(-1)?
15
Let v(t) = -t**3 + 2*t**2 + 5*t + 1. Let b be v(-5). Suppose -2*d + b = -5*i, -2*d - i + 145 = -0*d. Calculate the remainder when d is divided by 19.
16
Suppose o + 2*y = -y + 16, 4*o - 72 = -4*y. Suppose 0 = -0*s - s + 4*d - 1, -3*s = -2*d - 17. What is the remainder when o is divided by s?
5
Let x = -14 - -25. What is the remainder when 52 is divided by x?
8
Let k = 4 - 2. Let v = 29 + -25. What is the remainder when v is divided by k?
0
Let a = -13 + 19. What is the remainder when 55 is divided by 2/(-6) + 86/a?
13
Suppose -4*o + 40 = -4*y, -5*o + 27 = y - 17. Suppose 0 = d - 5 + 2. Suppose 0 = -h + d*h - 10. What is the remainder when o is divided by h?
4
Let n be (-5)/(2*(-1)/2). Suppose -n*y + 4*x + 1 = 0, -x + 0*x = -y + 1. What is the remainder when 33 + y*(-1)/3 is divided by 18?
16
Let q(m) = 4*m**2 + m. Let j be q(1). Suppose -5*y - 4*i + 43 = 0, 2*y + y - 31 = -j*i. Calculate the remainder when 19 is divided by y.
5
Calculate the remainder when 24 is divided by (80/(-15) + -4)/((-4)/6).
10
Let u be -52 + (-3 + 9)/3. What is the remainder when ((-336)/(-40))/((-4)/u) is divided by 27?
24
What is the remainder when 118 is divided by ((-24)/(-14))/((-22)/(-385))?
28
Suppose 4*f = -5*d - 0 + 23, 0 = -3*d - 2*f + 13. Let z be (1/2)/(2/(-12)). Let j = 4 - z. What is the remainder when j is divided by d?
1
Suppose o + 0 - 4 = 0. Let s(h) = -h + 5. What is the remainder when s(-6) is divided by o?
3
Let i(l) = -l**3 - 12*l**2 - 4*l - 14. What is the remainder when 168 is divided by i(-12)?
32
Let t(d) = -d**3 + d**2 + d + 4. Let m be t(0). Let p be (-8)/28 - m/(-14). Let h = 22 + p. Calculate the remainder when h is divided by 8.
6
Let t(r) = -r. Let o be (-2)/(2/1) - -1. Suppose -4*g + 3*n = -0 + 3, o = g - 2*n - 3. What is the remainder when 4 is divided by t(g)?
1
What is the remainder when (-126)/4*(-16)/24 is divided by 8?
5
Let c(s) = -11*s**3 + 6*s**2 + 3*s - 9. What is the remainder when c(-3) is divided by 12?
9
Suppose -r + 5 = -3*o + 4*o, 7 = -4*r + 5*o. Suppose -12 = -r*k - 2*k. Calculate the remainder when 7 is divided by k.
1
Suppose -2*i + 25 = 3*i. Suppose -3*y = 2*a - 47 - 30, -i*a = -2*y - 183. Let c(o) = -2*o**2 - 19*o + 4. Calculate the remainder when a is divided by c(-9).
11
Suppose 0 = -3*j + 6*j - 36. Suppose b + 5*x + 7 = -15, -b - 3*x = j. Calculate the remainder when (0 - 5 - -1)/(-1) is divided by b.
1
Let y = 17 + -16. What is the remainder when 1 is divided by y?
0
Let m(g) = 3*g + 1. Let o be m(-2). What is the remainder when 32 is divided by 10/25 + (-83)/o?
15
Suppose 0 = -x + 8 - 2. Suppose 0 = -x*q + q + 25. Suppose q*n - 65 = 5. What is the remainder when n is divided by 8?
6
Suppose 2*g - g = -f + 11, 13 = 2*g + 5*f. What is the remainder when 39 is divided by g?
11
Let f(j) = -2*j**2 + 35*j - 18. What is the remainder when f(14) is divided by 27?
26
Let d = -55 - -77. Calculate the remainder when 62 is divided by d.
18
Suppose -5*v + 111 + 134 = 0. Suppose v = 4*t - m - 54, -34 = -2*t + 4*m. Calculate the remainder when t is divided by 10.
7
Let u = -29 - -34. Let a = 31 + -19. Calculate the remainder when a is divided by u.
2
Let c be (16/(-10))/(6/(-15)). Suppose 5*t - 29 = -c. Calculate the remainder when t is divided by 3.
2
Let l = 6 - -8. Suppose 25 = -2*o + 7*o. Suppose -x - 108 = -o*x. What is the remainder when x is divided by l?
13
Let c = 56 - 17. Let q = 29 + -15. Calculate the remainder when c is divided by q.
11
Let s be (27 + 3 - -3) + 0. What is the remainder when 6*(-4)/(-8) + s is divided by 1/(-4) - (-106)/8?
10
Suppose 2*b - 5 = 13. Calculate the remainder when 17*5*(-20)/(-50) is divided by b.
7
Suppose 3*g - 38 = -5*t, -25 = -4*t + g + 19. Let i = 25 + 14. Calculate the remainder when i is divided by t.
9
Suppose -9*u + 4*u - 40 = 0. Let i = 11 + u. Calculate the remainder when (-12)/(((-3)/(-2))/(-1)) is divided by i.
2
Let t(p) = 36*p**2 + 5*p + 4. Calculate the remainder when t(-1) is divided by 9.
8
Let c(t) = -t**2 - 12*t - 7. Let x be 2/6 + (-164)/(-12). Suppose 2*z - x - 8 = 0. Calculate the remainder when c(-9) is divided by z.
9
Let k = -3 + 0. Let m = k - -6. Let i = 13 - 5. What is the remainder when i is divided by m?
2
Let v be (-6)/(-2) - (-236)/4. Suppose 0*h + 100 = 3*h - 4*p, -2*h + v = -5*p. What is the remainder when h is divided by 13?
10
Let b = 5 + -1. Calculate the remainder when 37 is divided by 26/b*(5 - 3).
11
Let x = -35 + 46. Calculate the remainder when 41 is divided by x.
8
Let j(w) = 3*w - 1. Let u be j(1). Let h(n) = 3*n**2 - 2*n - 2. Suppose -2*g - 3*g = -85. What is the remainder when g is divided by h(u)?
5
Let b(c) = 2*c + 12. Calculate the remainder when 57 is divided by b(9).
27
Suppose -3*w - 186 = -6*w. Calculate the remainder when w is divided by 16.
14
Suppose -9*f + 95 = -175. What is the remainder when 58 is divided by f?
28
Let d(a) = a**2 + 8*a + 14. What is the remainder when d(-9) is divided by 8?
7
Let m = -4 + 20. Calculate the remainder when m is divided by 11.
5
Suppose -4*n - 4 = 5*i, -i + 4 = -3*i - 4*n. Suppose i = -2*a + 4*a - 26. What is the remainder when a is divided by (-10)/(-2) + 0/2?
3
Suppose 4*g + 5*i - 113 = 0, -4*g = -3*i + 23 - 96. What is the remainder when 109 is divided by g?
21
Suppose -51 = 2*b + 105. Suppose -3*z - 3*o = -45, 4*z = z - o + 43. What is the remainder when z is divided by 106/13 - (-12)/b?
6
Let t be (-3 + 1 + 0)*-2. Suppose t*x = x + 6. Calculate the remainder when 4 is divided by x.
0
Let c = -29 - -42. Suppose 2*f + c = -1. Let y = 30 + f. Calculate the remainder when y is divided by 8.
7
Suppose 0 = 5*n - g - g - 133, 5*g = 3*n - 95. Let v = n + -17. Calculate the remainder when 27 is divided by (v/10)/((-4)/(-70)).
13
Suppose -f - 2*f = -9. Suppose 2*b - 9 = f. Suppose 0 = 5*s - 24 + 4. Calculate the remainder when b is divided by s.
2
Suppose 88 = 4*w + 4*d - 0, 0 = 3*w + 2*d - 63. What is the remainder when w is divided by 7?
5
What is the remainder when 21 is divided by (-7)/(-2)*120/35?
9
Let m = -1 + 1. Suppose d - 4 + 0 = m. Suppose d*f = -0*n + 2*n + 38, 5*f = -5*n + 40. Calculate the remainder when f is divided by 5.
4
Let a(u) = 5*u - 1. Let i = 2 - -1. Let d = 16 - i. Calculate the remainder when a(5) is divided by d.
11
Let g(x) = 2*x + 17. What is the remainder when 34 is divided by g(-4)?
7
Suppose 21 = 7*m - 4*m. What is the remainder when 13 is divided by m?
6
Let c(h) = h**2 + 154. Let j be c(0). Calculate the remainder when 28 is divided by j/10 + 2/(-5).
13
Let l(b) = 4*b + 2. Calculate the remainder when l(8) is divided by 2/(-7) - (-258)/21.
10
Suppose i = 31 - 7. Let w = -10 + 12. Suppose w*g = -3*b + 7*b - 38, 0 = 3*g + 3. What is the remainder when i is divided by b?
6
Suppose 3*